{"id":189,"date":"2021-11-04T10:38:19","date_gmt":"2021-11-04T10:38:19","guid":{"rendered":"https:\/\/haus-lungjaat.de\/?page_id=189"},"modified":"2021-11-04T10:48:08","modified_gmt":"2021-11-04T10:48:08","slug":"agbs","status":"publish","type":"page","link":"https:\/\/haus-lungjaat.de\/?page_id=189","title":{"rendered":"AGBs"},"content":{"rendered":"<p>[et_pb_section fb_built=&#8220;1&#8243; fullwidth=&#8220;on&#8220; admin_label=&#8220;Sektion&#8220; _builder_version=&#8220;3.22&#8243; global_colors_info=&#8220;{}&#8220;][et_pb_fullwidth_image src=&#8220;http:\/\/haus-lungjaat.de\/wp-content\/uploads\/2016\/05\/headder2017.jpg&#8220; admin_label=&#8220;Volle Breite des Bildes&#8220; _builder_version=&#8220;3.0.87&#8243; animation_style=&#8220;slide&#8220; animation_direction=&#8220;top&#8220; animation_duration=&#8220;500ms&#8220; animation_intensity_slide=&#8220;10%&#8220; animation=&#8220;top&#8220; use_border_color=&#8220;off&#8220; border_color=&#8220;#ffffff&#8220; border_style=&#8220;solid&#8220; global_colors_info=&#8220;{}&#8220;][\/et_pb_fullwidth_image][\/et_pb_section][et_pb_section fb_built=&#8220;1&#8243; admin_label=&#8220;section&#8220; _builder_version=&#8220;3.22&#8243; background_image=&#8220;http:\/\/haus-lungjaat.de\/wp-content\/uploads\/2017\/05\/hintergrund.jpg&#8220; transparent_background=&#8220;off&#8220; make_fullwidth=&#8220;off&#8220; use_custom_width=&#8220;off&#8220; width_unit=&#8220;on&#8220; global_colors_info=&#8220;{}&#8220;][et_pb_row admin_label=&#8220;row&#8220; _builder_version=&#8220;3.25&#8243; background_size=&#8220;initial&#8220; background_position=&#8220;top_left&#8220; background_repeat=&#8220;repeat&#8220; global_colors_info=&#8220;{}&#8220;][et_pb_column type=&#8220;4_4&#8243; _builder_version=&#8220;3.25&#8243; custom_padding=&#8220;|||&#8220; global_colors_info=&#8220;{}&#8220; custom_padding__hover=&#8220;|||&#8220;][et_pb_text admin_label=&#8220;Text&#8220; _builder_version=&#8220;4.12.1&#8243; text_font_size=&#8220;10&#8243; background_size=&#8220;initial&#8220; background_position=&#8220;top_left&#8220; background_repeat=&#8220;repeat&#8220; hover_enabled=&#8220;0&#8243; use_border_color=&#8220;off&#8220; border_color=&#8220;#ffffff&#8220; border_style=&#8220;solid&#8220; global_colors_info=&#8220;{}&#8220; sticky_enabled=&#8220;0&#8243;]<\/p>\n<h3><span>Allgemeine<\/span><span>\u00a0<\/span><span>Gesch\u00e4ftsbedingungen<\/span><\/h3>\n<p><span>\u00a0<\/span><span>1.1 Der Vermieter verpflichtet sich, die<\/span><span>\u00a0<\/span><span>Ferienwohnung zum vereinbarten Zeitpunkt in sauberem und einwandfreiem Zustand<\/span><span>\u00a0<\/span><span>an den Mieter zu \u00fcbergeben.<\/span><\/p>\n<p><span>\u00a0<\/span><span>1.2 Der Mieter darf ohne schriftliche<\/span><span>\u00a0<\/span><span>Zustimmung des Vermieters nicht mehr Personen in die Ferienwohnung aufnehmen,<\/span><span>\u00a0<\/span><span>als in diesem Vertrag vereinbart.<\/span><\/p>\n<p><span>\u00a0<\/span><span>1.3 Das Mitbringen von Haustieren ist nicht<\/span><span>\u00a0<\/span><span>gestattet.<\/span><\/p>\n<p><span>\u00a0<\/span><span>1.4 An- und Abreisetag gelten als ein<\/span><span>\u00a0<\/span><span>Miettag und werden als solcher berechnet. Am Anreisetag steht dem Gast die<\/span><span>\u00a0<\/span><span>Ferienwohnung ab 17 Uhr zur Verf\u00fcgung. Am Abreisetag muss der Gast die<\/span><span>\u00a0<\/span><span>Ferienwohnung bis 10 Uhr verlassen, um dem Vermieter die Gelegenheit zu geben,<\/span><span>\u00a0<\/span><span>sie f\u00fcr den nachfolgenden<\/span><span>\u00a0<\/span><span>Gast wiederherzurichten.<\/span><\/p>\n<p><span>\u00a0<\/span><span>1.5 Der Mieter ist verpflichtet, eventuelle<\/span><span>\u00a0<\/span><span>durch ihn selbst oder durch die Mitbewohner verursachte Sch\u00e4den am Mietobjekt<\/span><span>\u00a0<\/span><span>oder an dem Hausrat umgehend dem Vermieter anzuzeigen und in Absprache mit ihm<\/span><span>\u00a0<\/span><span>zu ersetzen.<\/span><\/p>\n<p><span>\u00a0<\/span><span>1.6 Dem Mieter ist bekannt, dass es sich um<\/span><span>\u00a0<\/span><span>eine Nichtraucherwohnung handelt und somit das Rauchen in der Wohnung nicht<\/span><span>\u00a0<\/span><span>gestattet ist.<\/span><\/p>\n<p><span>\u00a0<\/span><span>1.7 Der Internetzugang ist kostenlos. Die<\/span><span>\u00a0<\/span><span>Insellage garantiert kein einheitlich schnelles Internet. Der Missbrauch des<\/span><span>\u00a0<\/span><span>zur Verf\u00fcgung gestellten Internetzugangs, insbesondere der illegale Download<\/span><span>\u00a0<\/span><span>und\/oder die Zurverf\u00fcgungstellung von urheberrechtlich gesch\u00fctzten<\/span><span>\u00a0<\/span><span>Dateien\/Dokumenten ist nicht<\/span><span>\u00a0<\/span><span>gestattet. Juristische Folgen und allf\u00e4llige<\/span><span>\u00a0<\/span><span>Kostenforderungen werden dem entsprechenden Nutzer \u00fcbertragen.<\/span><\/p>\n<p><span>\u00a0<\/span><span>1.8 Grundst\u00fccksarbeiten wie Gartenarbeiten,<\/span><span>\u00a0<\/span><span>kurzfristige Reparaturarbeiten bzw. Instandhaltungsarbeiten zu orts\u00fcblichen<\/span><span>\u00a0<\/span><span>Zeiten sind zumutbar.<\/span><\/p>\n<p><span>\u00a0<\/span><span>1.9 Der Mietpreis schliesst s\u00e4mtliche<\/span><span>\u00a0<\/span><span>Nebenkosten ein. Also auch die Bettw\u00e4sche (Betten bezogen), Hand- und<\/span><span>\u00a0<\/span><span>Duscht\u00fccher sowie Geschirrt\u00fccher, jedoch keine Strandt\u00fccher. Die Kosten f\u00fcr die<\/span><span>\u00a0<\/span><span>Endreinigung sind ebenfalls im Preis enthalten, wenn das gemietete Objekt bei<\/span><span>\u00a0<\/span><span>Abreise besenrein verlassen<\/span><span>\u00a0<\/span><span>wird, Geschirr und Gl\u00e4ser gesp\u00fclt, die Sp\u00fclmaschine<\/span><span>\u00a0<\/span><span>ausger\u00e4umt und der M\u00fcll entsorgt ist.<\/span><\/p>\n<p><span>\u00a0<\/span><span>1.10 Der Mieter kann den Mietvertrag<\/span><span>\u00a0<\/span><span>jederzeit stornieren. Der Vermieter ist berechtigt, ohne weiteren Nachweis eine<\/span><span>\u00a0<\/span><span>pauschale Entsch\u00e4digung nach folgender Staffelung zu berechnen:<\/span><\/p>\n<p><span>\u00a0<\/span><span>bis zu 45 Tage vor Reiseantritt 20% des<\/span><span>\u00a0<\/span><span>Mietpreises<\/span><\/p>\n<p><span>vom 44. bis zum 30. Tag vor Reiseantritt<\/span><span>\u00a0<\/span><span>40% des Mietpreises<\/span><\/p>\n<p><span>vom 29. bis zum 22. Tag vor Reiseantritt 60%<\/span><span>\u00a0<\/span><span>des Mietpreises<\/span><\/p>\n<p><span>vom 21. Tag vor Reiseantritt 100% des<\/span><span>\u00a0<\/span><span>Mietpreises<\/span><\/p>\n<p><span>\u00a0<\/span><br \/><span>bei Reiseabbruch w\u00e4hrend des Aufenthaltes:<\/span><span>\u00a0<\/span><span>100% des Mietpreises<\/span><\/p>\n<p><span>\u00a0<\/span><br \/><span>1.11 Gerichtsstand ist Nieb\u00fcll<\/span><\/p>\n<p><span>\u00a0<\/span><span>Gegen Ersatzforderungen bei<\/span><span>\u00a0<\/span><span>Vertragsk\u00fcndigung im Krankheitsfall oder Tod empfehlen wir den Abschluss einer<\/span><span>\u00a0<\/span><span>Reiseversicherung.<\/span><\/p>\n<p>[\/et_pb_text][\/et_pb_column][\/et_pb_row][\/et_pb_section]<\/p>\n","protected":false},"excerpt":{"rendered":"<p>Allgemeine\u00a0Gesch\u00e4ftsbedingungen \u00a01.1 Der Vermieter verpflichtet sich, die\u00a0Ferienwohnung zum vereinbarten Zeitpunkt in sauberem und einwandfreiem Zustand\u00a0an den Mieter zu \u00fcbergeben. \u00a01.2 Der Mieter darf ohne schriftliche\u00a0Zustimmung des Vermieters nicht mehr Personen in die Ferienwohnung aufnehmen,\u00a0als in diesem Vertrag vereinbart. \u00a01.3 Das Mitbringen von Haustieren ist nicht\u00a0gestattet. \u00a01.4 An- und Abreisetag gelten als ein\u00a0Miettag und werden als [&hellip;]<\/p>\n","protected":false},"author":1,"featured_media":0,"parent":0,"menu_order":0,"comment_status":"closed","ping_status":"open","template":"","meta":{"_et_pb_use_builder":"on","_et_pb_old_content":"","_et_gb_content_width":"","footnotes":""},"class_list":["post-189","page","type-page","status-publish","hentry"],"_links":{"self":[{"href":"https:\/\/haus-lungjaat.de\/index.php?rest_route=\/wp\/v2\/pages\/189","targetHints":{"allow":["GET"]}}],"collection":[{"href":"https:\/\/haus-lungjaat.de\/index.php?rest_route=\/wp\/v2\/pages"}],"about":[{"href":"https:\/\/haus-lungjaat.de\/index.php?rest_route=\/wp\/v2\/types\/page"}],"author":[{"embeddable":true,"href":"https:\/\/haus-lungjaat.de\/index.php?rest_route=\/wp\/v2\/users\/1"}],"replies":[{"embeddable":true,"href":"https:\/\/haus-lungjaat.de\/index.php?rest_route=%2Fwp%2Fv2%2Fcomments&post=189"}],"version-history":[{"count":2,"href":"https:\/\/haus-lungjaat.de\/index.php?rest_route=\/wp\/v2\/pages\/189\/revisions"}],"predecessor-version":[{"id":192,"href":"https:\/\/haus-lungjaat.de\/index.php?rest_route=\/wp\/v2\/pages\/189\/revisions\/192"}],"wp:attachment":[{"href":"https:\/\/haus-lungjaat.de\/index.php?rest_route=%2Fwp%2Fv2%2Fmedia&parent=189"}],"curies":[{"name":"wp","href":"https:\/\/api.w.org\/{rel}","templated":true}]}}